1*t**3 + 78*t**2 + 5*t - 2. What is g(1)?
60
Let n(a) = -5*a**3 - 115*a**2 - 447*a - 1109. Calculate n(-19).
164
Let n(k) = -40*k - 120. What is n(2)?
-200
Let a(t) = 653*t**2 + 36339*t - 12817. Calculate a(-56).
7
Let o(n) = -3*n**2 + 1328*n + 33603. Determine o(-24).
3
Let p(n) = n**3 - 145*n**2 + 410*n + 1046. Calculate p(142).
-1226
Let t(j) = -j**3 + 22*j**2 - 1619*j + 33516. Give t(21).
-42
Let o(r) = 14297*r - 1972983. Calculate o(138).
3
Let w(v) = -5*v**3 + 138*v**2 + 697*v - 11. Calculate w(-5).
579
Let z(g) = -17*g**3 + 4*g**2 - 36*g - 142. Give z(-4).
1154
Let w(q) = -q**3 + 16*q**2 + 247*q + 435. What is w(-8)?
-5
Let o(u) = -u**3 - 10*u**2 + 357*u + 2147. What is o(-20)?
-993
Let w(f) = -f**3 + 155*f**2 - 4551*f + 3993. Give w(38).
3
Let c(m) = 2*m**3 - 151*m**2 + 700*m + 18. Determine c(5).
-7
Let k(r) = -6*r**3 + 2*r**2 + 67*r - 41. What is k(10)?
-5171
Let m(f) = 2*f**3 + 70*f**2 - 1768*f - 1. Determine m(-52).
-1
Let t(j) = -6650*j - 345792. What is t(-52)?
8
Let l(c) = -234*c**2 - 3027*c + 3479. Give l(-14).
-7
Let r(t) = 249*t - 20407. Give r(79).
-736
Let b(t) = -14*t**2 - 18*t + 333. Give b(-6).
-63
Let w(o) = -21017*o + 420340. Calculate w(20).
0
Let d(n) = 29*n**2 - 150676*n - 602699. What is d(-4)?
469
Let s(q) = q**3 + 39*q**2 - 18*q - 678. Calculate s(4).
-62
Let m(x) = 1215*x + 892986. Give m(-735).
-39
Let f(n) = -802*n**2 + 7249*n - 299. Give f(9).
-20
Let q(h) = -h**2 + 1721*h + 30997. What is q(-18)?
-305
Let j(t) = 2*t**3 - 130*t**2 - 536*t - 1094. Give j(69).
10
Let w(i) = -56001*i - 504013. Calculate w(-9).
-4
Let l(y) = 94*y - 3305. Determine l(33).
-203
Let a(x) = 2*x**2 + 1001*x - 228825. Determine a(-671).
-14
Let q(w) = 5*w**2 + 505*w + 2527. Determine q(-5).
127
Let o(d) = 3048*d + 1338068. Give o(-439).
-4
Let f(v) = -v**2 + 61*v - 556. Determine f(21).
284
Let b(l) = 929*l**3 + 99*l**2 + 118*l + 18. Calculate b(-1).
-930
Let g(u) = 131*u**2 + 9691*u - 98. What is g(-74)?
124
Let b(t) = -46*t**2 - 11215*t + 2356. What is b(-244)?
160
Let n(r) = -r**3 + 72*r**2 - 231*r - 3368. What is n(68)?
-580
Let p(l) = 14*l**2 + 1948*l - 110. Determine p(-139).
-388
Let g(l) = -19*l**2 - 142*l + 1544. Calculate g(6).
8
Let h(k) = -k**3 - 133*k**2 - 148*k - 2131. What is h(-132)?
-19
Let s(n) = 150*n**2 + 89855*n + 2997. Calculate s(-599).
2
Let f(k) = -1123*k + 111158. Determine f(99).
-19
Let b(o) = -29*o**3 + 228*o**2 + 3773*o + 54. What is b(16)?
6
Let r(g) = -21*g**2 + 297*g + 864. What is r(17)?
-156
Let d(k) = -47*k - 2523. Calculate d(-85).
1472
Let d(i) = 36*i**2 - 7676*i + 15212. Calculate d(2).
4
Let u(a) = -2*a**3 + 71*a**2 + 18*a + 3431. Calculate u(37).
-10
Let h(s) = -3677*s + 43654. What is h(12)?
-470
Let x(z) = -z**2 - 2255*z - 1193152. What is x(-848)?
-16
Let w(j) = -18*j**3 + 150*j**2 - 288*j - 98. What is w(4)?
-2
Let k(l) = 426*l**2 + 869*l - 1735. Calculate k(2).
1707
Let g(f) = -14*f - 197. What is g(-59)?
629
Let j(g) = 58*g + 2376. What is j(-35)?
346
Let k(z) = -z**3 + 1091*z**2 - 6764*z + 275558. Calculate k(1085).
-32
Let d(p) = 3*p**2 - 613*p - 2401. Determine d(-4).
99
Let l(m) = 8*m**2 + 1924*m - 959. What is l(-241)?
5
Let c(h) = -h**2 - 129*h + 19718. Calculate c(90).
8
Let p(q) = 2*q**2 - 855*q + 91011. What is p(200)?
11
Let a(y) = 1606*y + 9652. Calculate a(-6).
16
Let a(t) = -6805*t + 7567168. Give a(1112).
8
Let d(f) = 6*f**3 + 3*f**2 - 161*f - 497. What is d(-3)?
-149
Let a(v) = 2*v**3 - 99*v**2 + 1111*v - 720. Give a(33).
6
Let i(p) = 59*p**2 + 3896*p + 11715. Calculate i(-3).
558
Let w(a) = 863*a + 3643. What is w(-3)?
1054
Let l(f) = -f**2 + 30*f + 302. Calculate l(-14).
-314
Let n(k) = -5305*k + 90185. Give n(17).
0
Let d(b) = -b**2 - 479*b + 18227. Calculate d(33).
1331
Let y(a) = -353*a + 2639. Give y(7).
168
Let g(c) = c**3 + 39*c**2 + 92*c + 221. Calculate g(-37).
-445
Let v(o) = -1169*o + 6904. Give v(6).
-110
Let u(r) = -652*r + 7958. What is u(13)?
-518
Let b(q) = q**3 - 4*q**2 - 809*q - 55. Determine b(29).
-2491
Let w(s) = -193*s**2 + 496*s + 256. Give w(3).
7
Let j(h) = -46*h**3 + 6*h**2 - 15*h - 7. Give j(3).
-1240
Let c(x) = 5889*x + 28657. Determine c(-5).
-788
Let k(j) = -326*j**2 - 4390*j - 5789. Give k(-12).
-53
Let j(x) = -x**2 + 4675*x - 12. What is j(0)?
-12
Let l(m) = 6*m**3 + 512*m**2 + 176*m - 52. Give l(-85).
-562
Let p(w) = 45*w**3 + 12238*w**2 - 542*w + 692. Determine p(-272).
148
Let h(u) = -5*u**2 + 649*u - 5058. Calculate h(129).
-4542
Let s(a) = -91*a**2 - 30483*a + 247. What is s(-335)?
-423
Let w(l) = -l**3 + 25*l**2 + 199*l - 5623. Calculate w(23).
12
Let z(h) = h**3 - 74*h**2 - 41*h - 1228. What is z(75)?
1322
Let u(v) = 111639*v - 1786167. Determine u(16).
57
Let v(o) = -3406*o + 17084. What is v(5)?
54
Let x(c) = -37*c**2 - 29*c - 4. What is x(-5)?
-784
Let q(b) = 981*b - 571933. What is q(583)?
-10
Let f(l) = 898*l - 74832. What is f(83)?
-298
Let g(r) = -r**3 + 37*r**2 - 427*r + 1816. Calculate g(18).
286
Let y(b) = -b**3 + 7*b**2 + 419*b - 871. Determine y(-18).
-313
Let y(g) = 3*g**2 + 410*g - 248217. Give y(-364).
31
Let v(a) = -14*a**2 + 977*a - 244. Determine v(72).
-2476
Let h(l) = 127*l**2 + 13590*l + 155. Give h(-107).
48
Let m(x) = 5*x**3 + 38*x**2 + 64*x + 11. Calculate m(-5).
16
Let n(c) = 3*c**3 - 4199*c**2 + 623949*c - 170. Determine n(169).
-1
Let b(l) = 15*l**2 + 1017*l + 148. What is b(-67)?
-656
Let u(c) = c**2 - 333090*c - 54653653. What is u(-164)?
3
Let m(d) = d**3 + 6*d**2 + 2663*d - 8013. Give m(3).
57
Let z(g) = -2*g**2 - 84*g + 489. Determine z(-61).
-1829
Let z(j) = -3*j**2 + 34*j + 2562. Calculate z(42).
-1302
Let j(g) = -46*g**3 - 218*g**2 + 332*g + 1379. What is j(-5)?
19
Let p(j) = -j**3 - 13*j**2 + 971*j + 14795. Determine p(-16).
27
Let m(w) = w**3 + 44*w**2 - 2*w - 2230. What is m(-43)?
-295
Let q(i) = 710932*i + 9242110. What is q(-13)?
-6
Let c(s) = s**3 - 39*s**2 + 380*s - 19. What is c(20)?
-19
Let s(v) = 3*v**2 + 168*v - 1583233. Determine s(-755).
2
Let n(u) = 2*u**2 + 1004*u - 5032. Give n(5).
38
Let y(g) = 90196*g - 540948. What is y(6)?
228
Let z(v) = 6*v**3 + 453*v**2 - 11*v + 16416. Give z(-76).
-76
Let p(n) = n**2 + 4198*n + 1201729. Calculate p(-309).
28
Let p(x) = 777*x**2 + 7*x + 32. Calculate p(0).
32
Let f(n) = -n**3 - 39*n**2 + 371*n + 12486. Give f(-41).
637
Let y(q) = -4*q**3 + 2119*q**2 - 1634*q + 24865. What is y(529)?
2
Let k(l) = -100072*l + 3802734. Calculate k(38).
-2
Let i(d) = 4*d**3 + 27*d**2 + 123*d + 25. Calculate i(-7).
-885
Let w(a) = -4782*a - 755567. What is w(-158)?
-11
Let m(o) = -2*o**2 - 140*o + 3060. What is m(-88)?
-108
Let i(p) = -6*p**3 + 50*p**2 + 80*p - 711. Determine i(4).
25
Let o(t) = 4*t**2 + 148*t - 3132. Give o(18).
828
Let i(c) = -750*c - 273192. Determine i(-364).
-192
Let a(q) = -5*q**2 - 997*q - 32938. Give a(-42).
116
Let o(f) = -434*f - 3191. Determine o(-10).
1149
Let y(u) = 2*u**2 + 3*u - 71271. Calculate y(188).
-19
Let t(q) = -13915*q + 3548305. Give t(255).
-20
Let w(v) = -963*v + 850323. Calculate w(883).
-6
Let n(b) = -7217*b - 36076. Give n(-5).
9
Let r(v) = 24*v**2 - 974*v + 644. Determine r(40).
84
Let m(w) = -2*w**3 - 1099*w**2 + 77853*w + 1231. Give m(-613).
5
Let c(w) = -682*w + 50568. What is c(74)?
100
Let k(c) = -c**2 - 238*c + 4493. Determine k(19).
-390
Let a(j) = -28*j**2 + 217*j + 1298. Calculate a(-6).
-1012
Let s(w) = 8*w**2 + 32*w - 18. What is s(-9)?
342
Let d(c) = -188*c + 2632. Determine d(14).
0
Let f(q) = -10*q**2 + 459*q + 2462. Give f(-5).
-83
Let w(n) = 152062*n + 16726817. What is w(-110)?
-3
Let o(i) = 3*i**3 - 428*i**2 + 8257*i + 28. What is o(23)?
28
Let o(r) = -20*r**2 - 1525*r + 1176. What is o(-77)?
21
Let g(l) = l**3 + 22*l**2 + 223*l + 775. What is g(-5)?
85
Let j(i) = 2*i**3 + 91*i**2 - 590*i - 28622. Calculate j(-45).
-47
Let q(k) = -1495*k**3 + 20928*k**2 + 34*k - 80. Give q(14).
4
Let p(h) = -29828*h - 1043966. Calculate p(-35).
14
Let v(g) = 13392*g + 1272191. Determine v(-95).
-49
Let x(u) = u**3 + 162*u**2 - 171*u - 1350. What is x(-163)?
-46
Let v(q) = 4438*q - 803274. Determine v(181).
4
Let s(a) = 8*a**3 - 1605*a**2 + 75624*a + 121. Give s(125).
-4
Let j(r) = -15*r**2 + 63*r + 731. Determine j(-10).
-1399
Let g(s) = -s**2 + 80265*s + 1204180. Determine g(-15).
-20
Let z(o) = 3*o**3 - 2459*o**2 